{"id":4,"date":"2019-04-06T08:51:02","date_gmt":"2019-04-06T08:51:02","guid":{"rendered":"https:\/\/berchtenbreiter.info\/willkommen-auf-https-berchtenbreiter-info"},"modified":"2022-04-01T08:19:30","modified_gmt":"2022-04-01T06:19:30","slug":"willkommen-auf-https-berchtenbreiter-info","status":"publish","type":"page","link":"https:\/\/berchtenbreiter.info\/","title":{"rendered":"Willkommen auf unserer Homepage"},"content":{"rendered":"\n<p><\/p>\n\n\n\n<p>Wir sind die G\u00e4rtnerei im Herzen von Gro\u00dfostheim.<\/p>\n<p>Seit 1860 wachsen bei uns in der 5. Generation leuchtende + duftende Blumen, Pflanzen, Gem\u00fcse+ Kr\u00e4uterpflanzen und vieles mehr.<\/p>\n<p>Lassen Sie sich von uns begeistern.<\/p>\n<p>Karin &amp; J\u00fcrgen Berchtenbreiter mit Team<\/p>\n\n\n\n<figure class=\"wp-block-image\"><img loading=\"lazy\" decoding=\"async\" width=\"950\" height=\"250\" src=\"https:\/\/berchtenbreiter.info\/wp-content\/uploads\/2019\/04\/Frontbild-neues-Logo-klein.jpg\" alt=\"\" class=\"wp-image-157\" srcset=\"https:\/\/berchtenbreiter.info\/wp-content\/uploads\/2019\/04\/Frontbild-neues-Logo-klein.jpg 950w, https:\/\/berchtenbreiter.info\/wp-content\/uploads\/2019\/04\/Frontbild-neues-Logo-klein-300x79.jpg 300w, https:\/\/berchtenbreiter.info\/wp-content\/uploads\/2019\/04\/Frontbild-neues-Logo-klein-768x202.jpg 768w\" sizes=\"auto, (max-width: 767px) 89vw, (max-width: 1000px) 54vw, (max-width: 1071px) 543px, 580px\" \/><\/figure>\n\n\n\n<figure class=\"wp-block-image\"><img loading=\"lazy\" decoding=\"async\" width=\"1024\" height=\"698\" src=\"https:\/\/berchtenbreiter.info\/wp-content\/uploads\/2019\/04\/2011_M\u00e4rz-008-e1554715781520-1024x698.jpg\" alt=\"\" class=\"wp-image-173\"\/><figcaption>Karin &amp; J\u00fcrgen Berchtenbreiter<\/figcaption><\/figure>\n\n\n","protected":false},"excerpt":{"rendered":"<p>Wir sind die G\u00e4rtnerei im Herzen von Gro\u00dfostheim. Seit 1860 wachsen bei uns in der 5. Generation leuchtende + duftende Blumen, Pflanzen, Gem\u00fcse+ Kr\u00e4uterpflanzen und vieles mehr. Lassen Sie sich von uns begeistern. Karin &amp; J\u00fcrgen Berchtenbreiter mit Team<\/p>\n","protected":false},"author":1,"featured_media":0,"parent":0,"menu_order":0,"comment_status":"closed","ping_status":"open","template":"","meta":{"ngg_post_thumbnail":0,"footnotes":""},"class_list":["post-4","page","type-page","status-publish","hentry"],"_links":{"self":[{"href":"https:\/\/berchtenbreiter.info\/index.php?rest_route=\/wp\/v2\/pages\/4","targetHints":{"allow":["GET"]}}],"collection":[{"href":"https:\/\/berchtenbreiter.info\/index.php?rest_route=\/wp\/v2\/pages"}],"about":[{"href":"https:\/\/berchtenbreiter.info\/index.php?rest_route=\/wp\/v2\/types\/page"}],"author":[{"embeddable":true,"href":"https:\/\/berchtenbreiter.info\/index.php?rest_route=\/wp\/v2\/users\/1"}],"replies":[{"embeddable":true,"href":"https:\/\/berchtenbreiter.info\/index.php?rest_route=%2Fwp%2Fv2%2Fcomments&post=4"}],"version-history":[{"count":43,"href":"https:\/\/berchtenbreiter.info\/index.php?rest_route=\/wp\/v2\/pages\/4\/revisions"}],"predecessor-version":[{"id":979,"href":"https:\/\/berchtenbreiter.info\/index.php?rest_route=\/wp\/v2\/pages\/4\/revisions\/979"}],"wp:attachment":[{"href":"https:\/\/berchtenbreiter.info\/index.php?rest_route=%2Fwp%2Fv2%2Fmedia&parent=4"}],"curies":[{"name":"wp","href":"https:\/\/api.w.org\/{rel}","templated":true}]}}