{"id":111,"date":"2019-03-09T13:01:04","date_gmt":"2019-03-09T13:01:04","guid":{"rendered":"http:\/\/xn--aktivgrtner-q8a.de\/?page_id=111"},"modified":"2026-04-25T11:20:29","modified_gmt":"2026-04-25T09:20:29","slug":"oeffnungszeiten","status":"publish","type":"page","link":"https:\/\/berchtenbreiter.info\/?page_id=111","title":{"rendered":"Unsere \u00d6ffnungszeiten"},"content":{"rendered":"\n<p><span style=\"color: #00ff00;\"><strong>Vom 24. April 2026 &#8211; einschlie\u00dflich 20. Mai 2026&nbsp;<\/strong><\/span><\/p>\n<p><span style=\"color: #00ff00;\"><strong>ist unser Gesch\u00e4ft auch Montags von 9.00 &#8211; 18.00 Uhr ge\u00f6ffnet.<\/strong><\/span><\/p>\n<p>&nbsp;<\/p>\n<p><span style=\"color: #ff0000;\"><strong>Freitag, 1. Mai 2026 &#8211; Feiertag &#8211; geschlossen.<\/strong><\/span><\/p>\n<p><span style=\"color: #00ff00;\"><strong>Sonntag, 10. Mai &#8211; Muttertag 8.00 &#8211; 12.00 Uhr ge\u00f6ffnet.<\/strong><\/span><\/p>\n<p>&nbsp;<\/p>\n\n\n\n<p>&nbsp;<\/p>\n<p><strong>Unser \u00d6ffnungszeiten allgemein:<\/strong><\/p>\n<p>Dienstag &#8211; Freitag<\/p>\n<ul>\n<li style=\"list-style-type: none;\">\n<ul>\n<li>8.30 Uhr &#8211; 18.00 Uhr<\/li>\n<\/ul>\n<\/li>\n<\/ul>\n<p>Samstag<\/p>\n<ul>\n<li style=\"list-style-type: none;\">\n<ul>\n<li>9.00 Uhr &#8211; 14.00 Uhr<\/li>\n<\/ul>\n<\/li>\n<\/ul>\n<p>&nbsp;<\/p>\n<p><span style=\"color: #ff0000;\"><strong>Sonntags + Montags geschlossen<\/strong><\/span><\/p>\n<p>&nbsp;<\/p>\n<p>&nbsp;<\/p>\n<p>&nbsp;<\/p>\n\n\n\n<p><\/p>\n\n\n\n<p><\/p>\n\n\n","protected":false},"excerpt":{"rendered":"<p>Vom 24. April 2026 &#8211; einschlie\u00dflich 20. Mai 2026&nbsp; ist unser Gesch\u00e4ft auch Montags von 9.00 &#8211; 18.00 Uhr ge\u00f6ffnet. &nbsp; Freitag, 1. Mai 2026 &#8211; Feiertag &#8211; geschlossen. Sonntag, 10. Mai &#8211; Muttertag 8.00 &#8211; 12.00 Uhr ge\u00f6ffnet. &nbsp; &nbsp; Unser \u00d6ffnungszeiten allgemein: Dienstag &#8211; Freitag 8.30 Uhr &#8211; 18.00 Uhr Samstag 9.00 Uhr &hellip; <\/p>\n<p class=\"link-more\"><a href=\"https:\/\/berchtenbreiter.info\/?page_id=111\" class=\"more-link\"><span class=\"screen-reader-text\">\u201eUnsere \u00d6ffnungszeiten\u201c <\/span>weiterlesen<\/a><\/p>\n","protected":false},"author":1,"featured_media":0,"parent":0,"menu_order":0,"comment_status":"closed","ping_status":"closed","template":"","meta":{"ngg_post_thumbnail":0,"footnotes":""},"class_list":["post-111","page","type-page","status-publish","hentry"],"_links":{"self":[{"href":"https:\/\/berchtenbreiter.info\/index.php?rest_route=\/wp\/v2\/pages\/111","targetHints":{"allow":["GET"]}}],"collection":[{"href":"https:\/\/berchtenbreiter.info\/index.php?rest_route=\/wp\/v2\/pages"}],"about":[{"href":"https:\/\/berchtenbreiter.info\/index.php?rest_route=\/wp\/v2\/types\/page"}],"author":[{"embeddable":true,"href":"https:\/\/berchtenbreiter.info\/index.php?rest_route=\/wp\/v2\/users\/1"}],"replies":[{"embeddable":true,"href":"https:\/\/berchtenbreiter.info\/index.php?rest_route=%2Fwp%2Fv2%2Fcomments&post=111"}],"version-history":[{"count":117,"href":"https:\/\/berchtenbreiter.info\/index.php?rest_route=\/wp\/v2\/pages\/111\/revisions"}],"predecessor-version":[{"id":1323,"href":"https:\/\/berchtenbreiter.info\/index.php?rest_route=\/wp\/v2\/pages\/111\/revisions\/1323"}],"wp:attachment":[{"href":"https:\/\/berchtenbreiter.info\/index.php?rest_route=%2Fwp%2Fv2%2Fmedia&parent=111"}],"curies":[{"name":"wp","href":"https:\/\/api.w.org\/{rel}","templated":true}]}}